or of u and 54.
27
Let i = -19783 - -23051. What is the greatest common divisor of 684 and i?
76
Suppose 12091*k - 12107*k + 6983 = -3017. Calculate the greatest common divisor of 275 and k.
25
Suppose 62*p + 62*p = 6944. What is the highest common divisor of p and 1652?
28
Let o(j) = j**3 + 8*j**2 - 19*j - 5. Let c be (-5)/(5/13) - -5. Let w be o(c). Calculate the highest common divisor of w and 84.
21
Suppose 37*j - 36 - 66 = -28. Calculate the greatest common divisor of j and 7438.
2
Suppose -o = 2*a - 691, 0 = -53*a + 57*a + 5*o - 1391. Calculate the greatest common divisor of a and 1806.
86
Suppose 75 = z + m, -5*m - 67 - 308 = -5*z. Let f be 44/3 + (-125)/z. What is the highest common divisor of f and 52?
13
Let q = -266 + 217. Let p be (84/q)/(2/(-14)). Let m be (-788)/(-6) + 2/3. Calculate the greatest common divisor of p and m.
12
Let l(i) = 6*i**2 - 63*i + 13. Let f be l(15). Let p = -407 + f. What is the highest common factor of 11 and p?
11
Let m(x) = -x**3 - 8*x**2 + 8*x - 23. Suppose 81 = -6*q - 3*q. Let z be m(q). Let t be 126 + -1 + z + 9. Calculate the highest common divisor of 40 and t.
40
Let p(r) = -253*r - 529. Let d be p(-4). What is the greatest common factor of d and 42?
21
Let n = -13343 - -13364. What is the greatest common factor of 392 and n?
7
Let f be (1016/(-3))/(-8) + 2/3. Let r = f + -26. Calculate the greatest common factor of 1173 and r.
17
Let z be (340/(-51))/((-1)/189). Calculate the greatest common factor of 20 and z.
20
Suppose 539835 = 297*b - 78*b. Calculate the greatest common divisor of b and 290.
145
Let f be -5 - -74 - 1/(-1 + 0). Suppose -12*v + 7*v = -f. Suppose -6 = -v*k + 13*k. Calculate the greatest common factor of 15 and k.
3
Let v be 0 + 1086/3 - 5/(45/(-54)). Calculate the highest common factor of 928 and v.
16
Suppose 270 = 11*a - 6*a. Let u = a + -48. Suppose -11*i + 450 = -u*i. What is the highest common factor of i and 60?
30
Suppose 2*m + 4*c = -m + 24, 3*m - 27 = -3*c. Suppose 61 = 5*n + 2*q, m*q = -n + 13*q + 15. What is the greatest common factor of 13 and n?
13
Suppose -39 = -2*x + 633. Let g = -111 + x. Calculate the greatest common factor of 50 and g.
25
Let z = -2 - -11. Let y be (-1)/(-1)*(0/(-13 + 4) - -81). Calculate the greatest common divisor of y and z.
9
Suppose -38 = -10*v + 40 + 252. What is the greatest common divisor of 14861 and v?
11
Let r be 1326/52*392/21. What is the greatest common factor of r and 119?
119
Let z(s) = -s**3 - 8*s**2 + 13*s - 22. Let r be z(-9). Let x = r - -9. Let d = -31 - x. Calculate the highest common factor of d and 36.
18
Suppose -q = -v - 49, -4*v = 2*q - 5 - 87. Let i be (27 + -28)*10*-6. Let y be ((-5376)/480)/((-2)/i). Calculate the greatest common divisor of q and y.
48
Suppose 0 = 30*p + 40*p - 700. What is the greatest common factor of p and 1990?
10
Let o(y) = 7*y**2 - 300*y - 11345. Let w be o(-46). Calculate the highest common factor of w and 62.
31
Let x = -313 + 641. Suppose 0*w - 2*w + 6 = -u, u = 3*w - 11. Suppose 3*f + 79 = 2*n, u*n - 4*f - 94 = 66. Calculate the greatest common factor of x and n.
41
Let x = 4622 - 2806. What is the highest common divisor of 24 and x?
8
Suppose 0 = 25*t + 1076 - 4751. What is the highest common factor of 4704 and t?
147
Suppose 0 = -140*v + 171*v - 1705. Calculate the greatest common factor of v and 3707.
11
Let w(c) = -c**2 - 3. Let y be w(-4). Let n(u) = -2*u**2 - 6*u - 12. Let t be n(-5). Let k = y - t. Calculate the greatest common divisor of k and 65.
13
Suppose -23*m = 23*m - 8096. What is the greatest common divisor of 88 and m?
88
Suppose 5*i - 3*c = 10036, 2012 = 543*i - 542*i + c. What is the greatest common factor of i and 328?
41
Let g(v) = -4*v + 12. Let q be g(6). Let r be q/(-5)*(-120)/18. Let l be (-48)/(-10) + (-3 - r/5). Calculate the highest common factor of 40 and l.
5
Suppose -50*h + 320 = -1030. Suppose 0 = 12*p - 33 - h. Calculate the highest common factor of p and 305.
5
Suppose -13*t + 16*t - 3 = 0, 2*t - 118854 = -2*w. Calculate the greatest common factor of 86 and w.
86
Let z = -746 + 336. Let s = z - -414. Calculate the highest common factor of s and 3.
1
Let o(c) = -3*c**2 + 70*c + 53. Let g be o(33). Let a = g + 909. Let f be (20 - 0)/(-2)*-2. Calculate the highest common divisor of f and a.
5
Let c = -223 - -103. Let v = c + 160. What is the greatest common factor of 260 and v?
20
Let d(x) = -13*x + 6. Let k be d(-3). Calculate the highest common factor of 2646 and k.
9
Let g = 7 + -5. Let b(r) = -4*r - 610*r + 624*r. Let i be b(g). Calculate the greatest common factor of 220 and i.
20
Let z = 9 + -4. Suppose 4*c = z*p + 107, -p + 0*p = 4*c - 89. Let v = c - 21. Calculate the greatest common factor of v and 22.
2
Suppose 5*f + 126 = 7*f + 4*m, 0 = -f - 5*m + 51. Calculate the greatest common divisor of 5183 and f.
71
Let l(j) = j**3 - 45*j**2 + 19*j - 770. Let y be l(45). What is the greatest common divisor of y and 4539?
17
Suppose -2*t + 652 = 4*o - 1038, 3*o - 3*t - 1290 = 0. Let r(x) = -13*x - 22. Let p be r(-3). Calculate the highest common factor of p and o.
17
Let d be 38 - (1 + -1 - 0). Suppose 29*c = 26*c + 21. Suppose -c*g = -11*g + 76. What is the highest common factor of g and d?
19
Let c = 3074 - -967. What is the highest common divisor of 9 and c?
9
Suppose -5*b - 12 = 4*h - 747, -2*b + 3*h + 294 = 0. What is the greatest common divisor of 1512 and b?
21
Suppose 0*v + 5*f - 40 = -v, -2*f = 3*v - 55. Suppose 0 = -4*t + 5*c + 289, -v = -c - 4*c. Let a = 140 - t. Calculate the greatest common divisor of 32 and a.
32
Suppose -5*f + 12 = -2*x + 297, 444 = 3*x - 2*f. Let m = -362291 - -362361. Calculate the highest common divisor of x and m.
10
Suppose 301 + 659 = 20*w. What is the greatest common factor of w and 48?
48
Let x be (-139 - -141) + 5/(-1 + 2). Suppose 6216 = 19*g - x*g. What is the greatest common divisor of 7 and g?
7
Suppose -u + 2 + 0 = 0, 5*k - 4*u = 92. Suppose -5*l = -5*r + 560, 2*r - 4*l - 559 = -3*r. Let v = r + -61. Calculate the highest common divisor of k and v.
10
Let n be 0/3 + -4*1. Let s be (-83)/n + (-9)/(-36) - -3. Let o = -86 + 206. What is the highest common factor of s and o?
24
Let i be (-4)/(-1*2/6). Let r be 1/(-3) - ((-16)/(-24) + -5). Suppose r*z - 3*z = 3*d + 138, 5*d = z - 142. What is the greatest common divisor of z and i?
12
Suppose 875 = -5*i + q + q, 5*q = -4*i - 700. Let g be i/49 + 4 + (-13557)/(-21). What is the highest common divisor of 76 and g?
38
Suppose -4*r + 28 = -2*k + 26, 2*r - 22 = 0. Let c = 9 - 6. Calculate the greatest common divisor of k and c.
3
Let c(v) = -5*v - 79. Let g be c(-16). Let u be 54/4*40/30. Suppose -3 - 17 = -5*s, 4*s = -2*l + u. Calculate the greatest common factor of l and g.
1
Let i = -76447 - -76454. Suppose 5*y = -2*q + 150, -2*y + 6*y + q - 117 = 0. Calculate the highest common divisor of i and y.
7
Suppose 0 = 41*u - 37*u - 1144. Let s = -220 + u. Calculate the highest common divisor of 66 and s.
66
Let a(m) = 77*m**2 + 52*m - 97. Let r be a(2). What is the greatest common divisor of 279 and r?
9
Suppose -14*i = 13*i + 4*i - 122543. What is the greatest common factor of 67 and i?
67
Let u = -89 - -77. Let p = u + 29. What is the highest common divisor of p and 136?
17
Let u = -103 - -110. Suppose 17 = u*b - 53. Suppose b = 11*d - 34. What is the greatest common divisor of 76 and d?
4
Let k be 185 - (-6 + 11)*-3. What is the highest common divisor of k and 1925?
25
Let l(m) = -5*m**2 - 7*m - 36. Let a be l(-12). Let p = -195 - a. Calculate the highest common divisor of p and 106.
53
Suppose 4*y + 99*y + 601 - 99481 = 0. What is the highest common divisor of 1728 and y?
192
Suppose -9*n = -25*n - 3008. Let i = n - -200. Let l(k) = 3*k**2 + 7*k - 2. Let a be l(5). Calculate the greatest common divisor of a and i.
12
Suppose -4*s = y - 4*y + 74, 5*s = 3*y - 76. Suppose -4*p + y = -30. Suppose 4*q - 53 = -p. Calculate the highest common factor of 2 and q.
2
Suppose 6*k + 96 = 7*k + 2*x, 288 = 3*k + 4*x. Suppose 3*r = -m + 48, 0 = -4*m - 4*r + 52 + 108. What is the highest common divisor of m and k?
12
Suppose 2432*s = 2513*s - 20412. What is the greatest common divisor of 516 and s?
12
Let o = -5 - -30. Let s = o - 17. Suppose 0 = 2*f - 26 + 18. Calculate the greatest co